{"id":4136,"date":"2020-10-11T00:20:55","date_gmt":"2020-10-11T00:20:55","guid":{"rendered":"https:\/\/preciousesthetic.ch\/?page_id=4136"},"modified":"2024-11-08T19:10:44","modified_gmt":"2024-11-08T19:10:44","slug":"corps","status":"publish","type":"page","link":"https:\/\/preciousesthetic.ch\/index.php\/corps\/","title":{"rendered":"Corps"},"content":{"rendered":"<p>[vc_row row_content_width=\u00a0\u00bbgrid\u00a0\u00bb css=\u00a0\u00bb.vc_custom_1661784469250{padding-top: 138px !important;padding-bottom: 50px !important;}\u00a0\u00bb el_class=\u00a0\u00bbtext_green\u00a0\u00bb][vc_column]<div class=\"mkdf-section-title-holder \" >\n\t<div class=\"mkdf-st-inner\">\n\t\t\t\t\t\t\t<h3 class=\"mkdf-st-title\" style=\"color: #2c6b9e;font-weight: 500\">\n\t\t\t\tM\u00c9THODE RENATA FRAN\u00c7A\t\t\t<\/h3>\n\t\t\t\t\t<\/div>\n<\/div>[vc_column_text]<strong>Drainage lymphatique<\/strong><\/p>\n<p>La m\u00e9thode Renata Fran\u00e7a vise \u00e0 d\u00e9sengorger et renforcer le r\u00e9seau du syst\u00e8me lymphatique. Ceci, en activant \u00e9galement le m\u00e9tabolisme et la circulation capillaire et sanguine. Vous obtenez ainsi un r\u00e9sultat imm\u00e9diat de d\u00e9placement des fluides corporels et de r\u00e9duction des \u0153d\u00e8mes, qui engendre une sensation de bien-\u00eatre et de l\u00e9g\u00e8ret\u00e9 ![\/vc_column_text][\/vc_column][\/vc_row][vc_row row_content_width=\u00a0\u00bbgrid\u00a0\u00bb css=\u00a0\u00bb.vc_custom_1662987714787{padding-top: 50px !important;}\u00a0\u00bb][vc_column][vc_row_inner css=\u00a0\u00bb.vc_custom_1602517113500{padding-top: 70px !important;padding-bottom: 20px !important;}\u00a0\u00bb][vc_column_inner offset=\u00a0\u00bbvc_col-lg-12 vc_col-md-12&Prime;]<div class=\"mkdf-elements-holder   mkdf-one-column  mkdf-responsive-mode-768 \" ><div class=\"mkdf-eh-item    \"  data-item-class=\"mkdf-eh-custom-6421\" data-769-1024=\"0 3.5% 0 0\" data-681-768=\"0 0 0 0\" data-680=\"0 0 0 0\">\n\t<div class=\"mkdf-eh-item-inner\">\n\t\t<div class=\"mkdf-eh-item-content mkdf-eh-custom-6421\" style=\"padding: 0 3.5% 0 80px\">\n\t\t\t<div class=\"mkdf-pricing-list clearfix mkdf-pli-normal-space\">\n\t\t<div class=\"mkdf-pl-wrapper\">\n\t\t<div class=\"mkdf-pricing-list-item clearfix  \">\n\t<div class=\"mkdf-pli-content clearfix\">\n\t\t\t\t\t<div class=\"mkdf-pli-title-holder\">\n\t\t\t\t<a class=\"mkdf-pricing-list-item-link\" itemprop=\"url\" target=\"_self\" href=\"\">\n\t\t\t\t\t<h5 itemprop=\"name\" class=\"mkdf-pli-title entry-title\" style=\"color: #006ca2\">\n\t\t\t\t\t\tDrainage lymphatique 60 min.\t\t\t\t\t<\/h5>\n\t\t\t\t<\/a>\n\t\t\t\t\t\t\t\t\t<div class=\"mkdf-pli-price-holder\">\n                            <h5 class=\"mkdf-pli-price\" style=\"color: #006ca2\">\n                                <span>150 CHF<\/span>\n                            <\/h5>\n\t\t\t\t\t<\/div>\n\t\t\t\t\t\t\t<\/div>\n\t\t\t\t<div class=\"mkdf-pli-bottom-content\">\n\t\t\t\t\t<\/div>\n\t\t<div class=\"mkdf-pli-separator\" style=\"border-color: #bf9d7c\"><\/div>\n\t<\/div>\n<\/div><div class=\"mkdf-pricing-list-item clearfix  \">\n\t<div class=\"mkdf-pli-content clearfix\">\n\t\t\t\t\t<div class=\"mkdf-pli-title-holder\">\n\t\t\t\t<a class=\"mkdf-pricing-list-item-link\" itemprop=\"url\" target=\"_self\" href=\"\">\n\t\t\t\t\t<h5 itemprop=\"name\" class=\"mkdf-pli-title entry-title\" style=\"color: #006ca2\">\n\t\t\t\t\t\tForfait drainage visage et corps\t\t\t\t\t<\/h5>\n\t\t\t\t<\/a>\n\t\t\t\t\t\t\t\t\t<div class=\"mkdf-pli-price-holder\">\n                            <h5 class=\"mkdf-pli-price\" style=\"color: #006ca2\">\n                                <span>220 CHF<\/span>\n                            <\/h5>\n\t\t\t\t\t<\/div>\n\t\t\t\t\t\t\t<\/div>\n\t\t\t\t<div class=\"mkdf-pli-bottom-content\">\n\t\t\t\t\t<\/div>\n\t\t<div class=\"mkdf-pli-separator\" style=\"border-color: #bf9d7c\"><\/div>\n\t<\/div>\n<\/div>\t<\/div>\n<\/div>[vc_column_text]<span style=\"color: #006ca2;\">Forfait 5 massages au choix: 700 CHF (soit 140 CHF le drainage ou le remodelage par s\u00e9ance )<\/span><\/p>\n<p><span style=\"color: #006ca2;\">Les massages sont r\u00e9alis\u00e9s avec l&rsquo;huile anti-\u00e2ge NESCENS.<\/span>[\/vc_column_text]\t\t<\/div>\n\t<\/div>\n<\/div><\/div>[\/vc_column_inner][\/vc_row_inner][\/vc_column][\/vc_row][vc_row row_content_width=\u00a0\u00bbgrid\u00a0\u00bb css=\u00a0\u00bb.vc_custom_1661784469250{padding-top: 138px !important;padding-bottom: 50px !important;}\u00a0\u00bb el_class=\u00a0\u00bbtext_green\u00a0\u00bb][vc_column][vc_single_image image=\u00a0\u00bb5312&Prime; img_size=\u00a0\u00bbfull\u00a0\u00bb][\/vc_column][\/vc_row][vc_row row_content_width=\u00a0\u00bbgrid\u00a0\u00bb css=\u00a0\u00bb.vc_custom_1661784469250{padding-top: 138px !important;padding-bottom: 50px !important;}\u00a0\u00bb el_class=\u00a0\u00bbtext_green\u00a0\u00bb][vc_column]<div class=\"mkdf-section-title-holder \" >\n\t<div class=\"mkdf-st-inner\">\n\t\t\t\t\t\t\t<h3 class=\"mkdf-st-title\" style=\"color: #2c6b9e;font-weight: 500\">\n\t\t\t\tLA RADIOFR\u00c9QUENCE\t\t\t<\/h3>\n\t\t\t\t\t<\/div>\n<\/div>[vc_column_text]<\/p>\n<p style=\"text-align: center;\">Agit sur l&rsquo;am\u00e9lioration du tonus et de l&rsquo;\u00e9lasticit\u00e9 cutan\u00e9e, en lissant et en raffermissant la peau !<\/p>\n<p>[\/vc_column_text][\/vc_column][\/vc_row][vc_row row_content_width=\u00a0\u00bbgrid\u00a0\u00bb css=\u00a0\u00bb.vc_custom_1662987861743{padding-top: 50px !important;}\u00a0\u00bb][vc_column][vc_row_inner row_content_width=\u00a0\u00bbgrid\u00a0\u00bb css=\u00a0\u00bb.vc_custom_1661788388142{padding-top: 70px !important;padding-bottom: 20px !important;}\u00a0\u00bb][vc_column_inner offset=\u00a0\u00bbvc_col-lg-12 vc_col-md-12&Prime;]<div class=\"mkdf-elements-holder   mkdf-one-column  mkdf-responsive-mode-768 \" ><div class=\"mkdf-eh-item    \"  data-item-class=\"mkdf-eh-custom-2241\" data-769-1024=\"0 3.5% 0 0\" data-681-768=\"0 0 0 0\" data-680=\"0 0 0 0\">\n\t<div class=\"mkdf-eh-item-inner\">\n\t\t<div class=\"mkdf-eh-item-content mkdf-eh-custom-2241\" style=\"padding: 0 3.5% 0 80px\">\n\t\t\t<div class=\"mkdf-pricing-list clearfix mkdf-pli-normal-space\">\n\t\t<div class=\"mkdf-pl-wrapper\">\n\t\t<div class=\"mkdf-pricing-list-item clearfix  \">\n\t<div class=\"mkdf-pli-content clearfix\">\n\t\t\t\t\t<div class=\"mkdf-pli-title-holder\">\n\t\t\t\t<a class=\"mkdf-pricing-list-item-link\" itemprop=\"url\" target=\"_self\" href=\"\">\n\t\t\t\t\t<h5 itemprop=\"name\" class=\"mkdf-pli-title entry-title\" style=\"color: #006ca2\">\n\t\t\t\t\t\tLa s\u00e9ance (60 Min.)\t\t\t\t\t<\/h5>\n\t\t\t\t<\/a>\n\t\t\t\t\t\t\t\t\t<div class=\"mkdf-pli-price-holder\">\n                            <h5 class=\"mkdf-pli-price\" style=\"color: #006ca2\">\n                                <span>150 CHF<\/span>\n                            <\/h5>\n\t\t\t\t\t<\/div>\n\t\t\t\t\t\t\t<\/div>\n\t\t\t\t<div class=\"mkdf-pli-bottom-content\">\n\t\t\t\t\t<\/div>\n\t\t<div class=\"mkdf-pli-separator\" style=\"border-color: #bf9d7c\"><\/div>\n\t<\/div>\n<\/div>\t<\/div>\n<\/div>\t\t<\/div>\n\t<\/div>\n<\/div><\/div>[\/vc_column_inner][\/vc_row_inner][\/vc_column][\/vc_row][vc_row css=\u00a0\u00bb.vc_custom_1600880058100{padding-top: 75px !important;}\u00a0\u00bb][vc_column]\n\t\t\t<!-- START MainHomeSlider2 REVOLUTION SLIDER 6.2.22 --><p class=\"rs-p-wp-fix\"><\/p>\n\t\t\t<rs-module-wrap id=\"rev_slider_5_1_wrapper\" data-source=\"gallery\" style=\"background:#224c7d;padding:0;margin:0px auto;margin-top:0;margin-bottom:0;\">\n\t\t\t\t<rs-module id=\"rev_slider_5_1\" style=\"\" data-version=\"6.2.22\">\n\t\t\t\t\t<rs-slides>\n\t\t\t\t\t\t<rs-slide data-key=\"rs-7\" data-title=\"Slide\" data-anim=\"ei:d;eo:d;s:600;r:0;t:fade;sl:d;\">\n\t\t\t\t\t\t\t<img decoding=\"async\" src=\"\/\/preciousesthetic.ch\/wp-content\/plugins\/revslider\/public\/assets\/assets\/transparent.png\" alt=\"Slide\" title=\"Corps\" data-parallax=\"off\" class=\"rev-slidebg\" data-no-retina>\n<!--\n\t\t\t\t\t\t\t--><rs-layer\n\t\t\t\t\t\t\t\tid=\"slider-5-slide-7-layer-3\" \n\t\t\t\t\t\t\t\tdata-type=\"image\"\n\t\t\t\t\t\t\t\tdata-xy=\"x:c;xo:4px,1px,3px,-377px;y:m;yo:9px,9px,7px,9px;\"\n\t\t\t\t\t\t\t\tdata-text=\"l:22;a:inherit;\"\n\t\t\t\t\t\t\t\tdata-dim=\"w:1352px,1146px,742px,1518px;h:452px,383px,248px,509px;\"\n\t\t\t\t\t\t\t\tdata-basealign=\"slide\"\n\t\t\t\t\t\t\t\tdata-rsp_o=\"off\"\n\t\t\t\t\t\t\t\tdata-rsp_bd=\"off\"\n\t\t\t\t\t\t\t\tdata-frame_0=\"sX:0.9;sY:0.9;\"\n\t\t\t\t\t\t\t\tdata-frame_1=\"e:power2.out;st:200;sp:1000;sR:200;\"\n\t\t\t\t\t\t\t\tdata-frame_999=\"o:0;st:w;sR:2800;\"\n\t\t\t\t\t\t\t\tstyle=\"z-index:5;\"\n\t\t\t\t\t\t\t><img loading=\"lazy\" decoding=\"async\" src=\"\/\/preciousesthetic.ch\/wp-content\/uploads\/2020\/10\/banner_newsletter-1.png\" width=\"1352\" height=\"452\" data-no-retina> \n\t\t\t\t\t\t\t<\/rs-layer><!--\n\n\t\t\t\t\t\t\t--><rs-layer\n\t\t\t\t\t\t\t\tid=\"slider-5-slide-7-layer-4\" \n\t\t\t\t\t\t\t\tdata-type=\"text\"\n\t\t\t\t\t\t\t\tdata-xy=\"x:c;y:m;yo:-119px,-110px,-71px,-114px;\"\n\t\t\t\t\t\t\t\tdata-text=\"s:19;l:25,25,21,24;a:inherit;\"\n\t\t\t\t\t\t\t\tdata-basealign=\"slide\"\n\t\t\t\t\t\t\t\tdata-rsp_o=\"off\"\n\t\t\t\t\t\t\t\tdata-rsp_bd=\"off\"\n\t\t\t\t\t\t\t\tdata-frame_1=\"e:expo.out;st:400;sp:1000;sR:400;\"\n\t\t\t\t\t\t\t\tdata-frame_999=\"o:0;st:w;sR:2600;\"\n\t\t\t\t\t\t\t\tstyle=\"z-index:6;font-family:Playfair Display;font-style:italic;\"\n\t\t\t\t\t\t\t>Restons-en contact \n\t\t\t\t\t\t\t<\/rs-layer><!--\n\n\t\t\t\t\t\t\t--><rs-layer\n\t\t\t\t\t\t\t\tid=\"slider-5-slide-7-layer-5\" \n\t\t\t\t\t\t\t\tdata-type=\"text\"\n\t\t\t\t\t\t\t\tdata-xy=\"x:c;y:m;yo:-72px,-66px,-30px,-72px;\"\n\t\t\t\t\t\t\t\tdata-text=\"s:45,40,30,32;l:47,46,40,47;ls:3px,3px,3px,2px;fw:500;a:inherit;\"\n\t\t\t\t\t\t\t\tdata-basealign=\"slide\"\n\t\t\t\t\t\t\t\tdata-rsp_o=\"off\"\n\t\t\t\t\t\t\t\tdata-rsp_bd=\"off\"\n\t\t\t\t\t\t\t\tdata-frame_1=\"e:expo.out;st:600;sp:1000;sR:600;\"\n\t\t\t\t\t\t\t\tdata-frame_999=\"o:0;st:w;sR:2400;\"\n\t\t\t\t\t\t\t\tstyle=\"z-index:7;font-family:Montserrat;text-transform:uppercase;\"\n\t\t\t\t\t\t\t>NEWSLETTER \n\t\t\t\t\t\t\t<\/rs-layer><!--\n\n\t\t\t\t\t\t\t--><p\n\t\t\t\t\t\t\t\tid=\"slider-5-slide-7-layer-6\" \n\t\t\t\t\t\t\t\tclass=\"rs-layer\"\n\t\t\t\t\t\t\t\tdata-type=\"text\"\n\t\t\t\t\t\t\t\tdata-color=\"#ffffff||#ffffff||#000000||#000000\"\n\t\t\t\t\t\t\t\tdata-xy=\"x:c;xo:0,0,0,558px;y:m;yo:-5px,-2px,8px,-82px;\"\n\t\t\t\t\t\t\t\tdata-text=\"w:normal;s:20,17,15,15;l:30,29,23,18;fw:300;a:center;\"\n\t\t\t\t\t\t\t\tdata-dim=\"w:886px,745px,611px,331px;h:62px,65px,77px,78px;\"\n\t\t\t\t\t\t\t\tdata-vbility=\"t,t,f,f\"\n\t\t\t\t\t\t\t\tdata-basealign=\"slide\"\n\t\t\t\t\t\t\t\tdata-rsp_o=\"off\"\n\t\t\t\t\t\t\t\tdata-rsp_bd=\"off\"\n\t\t\t\t\t\t\t\tdata-frame_1=\"e:expo.out;st:800;sp:800;sR:800;\"\n\t\t\t\t\t\t\t\tdata-frame_999=\"o:0;st:w;sR:2400;\"\n\t\t\t\t\t\t\t\tstyle=\"z-index:8;font-family:Open Sans;\"\n\t\t\t\t\t\t\t>Ainsi vous ne r\u00e2terez rien de nos promotions, nouveaut\u00e9s et offres sp\u00e9ciales. \n\t\t\t\t\t\t\t<\/p><!--\n\n\t\t\t\t\t\t\t--><rs-layer\n\t\t\t\t\t\t\t\tid=\"slider-5-slide-7-layer-7\" \n\t\t\t\t\t\t\t\tdata-type=\"text\"\n\t\t\t\t\t\t\t\tdata-xy=\"x:c;xo:-2px,-2px,-2px,0;y:m;yo:72px,65px,57px,-9px;\"\n\t\t\t\t\t\t\t\tdata-text=\"w:normal;l:22;\"\n\t\t\t\t\t\t\t\tdata-dim=\"w:633px,633px,489px,300px;h:27px,27px,auto,27px;\"\n\t\t\t\t\t\t\t\tdata-basealign=\"slide\"\n\t\t\t\t\t\t\t\tdata-rsp_o=\"off\"\n\t\t\t\t\t\t\t\tdata-rsp_bd=\"off\"\n\t\t\t\t\t\t\t\tdata-frame_1=\"e:expo.out;st:1000;sp:1000;sR:1000;\"\n\t\t\t\t\t\t\t\tdata-frame_999=\"o:0;st:w;sR:2000;\"\n\t\t\t\t\t\t\t\tstyle=\"z-index:9;font-family:Open Sans;\"\n\t\t\t\t\t\t\t><div role=\"form\" class=\"wpcf7\" id=\"wpcf7-f17-o1\" lang=\"en-US\" dir=\"ltr\">\n<div class=\"screen-reader-response\"><p role=\"status\" aria-live=\"polite\" aria-atomic=\"true\"><\/p> <ul><\/ul><\/div>\n<form action=\"\/index.php\/wp-json\/wp\/v2\/pages\/4136#wpcf7-f17-o1\" method=\"post\" class=\"wpcf7-form init\" novalidate=\"novalidate\" data-status=\"init\">\n<div style=\"display: none;\">\n<input type=\"hidden\" name=\"_wpcf7\" value=\"17\" \/>\n<input type=\"hidden\" name=\"_wpcf7_version\" value=\"5.6.3\" \/>\n<input type=\"hidden\" name=\"_wpcf7_locale\" value=\"en_US\" \/>\n<input type=\"hidden\" name=\"_wpcf7_unit_tag\" value=\"wpcf7-f17-o1\" \/>\n<input type=\"hidden\" name=\"_wpcf7_container_post\" value=\"0\" \/>\n<input type=\"hidden\" name=\"_wpcf7_posted_data_hash\" value=\"\" \/>\n<\/div>\n<div class=\"mkdf-newsletter-custom mkdf-two-columns-form-without-space\">\n<div class=\"mkdf-column-left mkdf-input-style\">\n        <span class=\"wpcf7-form-control-wrap\" data-name=\"your-email\"><input type=\"text\" name=\"your-email\" value=\"\" size=\"40\" class=\"wpcf7-form-control wpcf7-text wpcf7-validates-as-required\" aria-required=\"true\" aria-invalid=\"false\" placeholder=\"Votre email\" \/><\/span>\n    <\/div>\n<div class=\"mkdf-column-right mkdf-input-style mkdf-input-subscribe\">\n\t<button type=\"submit\" class=\"wpcf7-form-control wpcf7-submit mkdf-btn-huge mkdf-btn mkdf-btn-medium mkdf-btn-solid\"><span class=\"mkdf-btn-text\">Soumettre<\/span><\/button>\n    <\/div>\n<\/div>\n<div class=\"wpcf7-response-output\" aria-hidden=\"true\"><\/div><\/form><\/div> \n\t\t\t\t\t\t\t<\/rs-layer><!--\n-->\t\t\t\t\t\t<\/rs-slide>\n\t\t\t\t\t<\/rs-slides>\n\t\t\t\t<\/rs-module>\n\t\t\t\t<script type=\"text\/javascript\">\n\t\t\t\t\tsetREVStartSize({c: 'rev_slider_5_1',rl:[1240,1024,778,480],el:[660,560,400,500],gw:[1300,1100,778,480],gh:[660,560,400,500],type:'hero',justify:'',layout:'fullwidth',mh:\"0\"});\n\t\t\t\t\tvar\trevapi5,\n\t\t\t\t\t\ttpj;\n\t\t\t\t\tfunction revinit_revslider51() {\n\t\t\t\t\tjQuery(function() {\n\t\t\t\t\t\ttpj = jQuery;\n\t\t\t\t\t\trevapi5 = tpj(\"#rev_slider_5_1\");\n\t\t\t\t\t\tif(revapi5==undefined || revapi5.revolution == undefined){\n\t\t\t\t\t\t\trevslider_showDoubleJqueryError(\"rev_slider_5_1\");\n\t\t\t\t\t\t}else{\n\t\t\t\t\t\t\trevapi5.revolution({\n\t\t\t\t\t\t\t\tsliderType:\"hero\",\n\t\t\t\t\t\t\t\tsliderLayout:\"fullwidth\",\n\t\t\t\t\t\t\t\tduration:4000,\n\t\t\t\t\t\t\t\tvisibilityLevels:\"1240,1024,778,480\",\n\t\t\t\t\t\t\t\tgridwidth:\"1300,1100,778,480\",\n\t\t\t\t\t\t\t\tgridheight:\"660,560,400,500\",\n\t\t\t\t\t\t\t\tperspective:600,\n\t\t\t\t\t\t\t\tperspectiveType:\"local\",\n\t\t\t\t\t\t\t\teditorheight:\"660,560,400,500\",\n\t\t\t\t\t\t\t\tresponsiveLevels:\"1240,1024,778,480\",\n\t\t\t\t\t\t\t\tprogressBar:{disableProgressBar:true},\n\t\t\t\t\t\t\t\tnavigation: {\n\t\t\t\t\t\t\t\t\tonHoverStop:false\n\t\t\t\t\t\t\t\t},\n\t\t\t\t\t\t\t\tparallax: {\n\t\t\t\t\t\t\t\t\tlevels:[5,10,15,20,25,30,35,40,45,46,47,48,49,50,51,55],\n\t\t\t\t\t\t\t\t\ttype:\"mouse\",\n\t\t\t\t\t\t\t\t\tdisable_onmobile:true\n\t\t\t\t\t\t\t\t},\n\t\t\t\t\t\t\t\tviewPort: {\n\t\t\t\t\t\t\t\t\tenable:true,\n\t\t\t\t\t\t\t\t\tvisible_area:\"20%\"\n\t\t\t\t\t\t\t\t},\n\t\t\t\t\t\t\t\tfallbacks: {\n\t\t\t\t\t\t\t\t\tallowHTML5AutoPlayOnAndroid:true\n\t\t\t\t\t\t\t\t},\n\t\t\t\t\t\t\t});\n\t\t\t\t\t\t}\n\t\t\t\t\t\t\n\t\t\t\t\t});\n\t\t\t\t\t} \/\/ End of RevInitScript\n\t\t\t\tvar once_revslider51 = false;\n\t\t\t\tif (document.readyState === \"loading\") {document.addEventListener('readystatechange',function() { if((document.readyState === \"interactive\" || document.readyState === \"complete\") && !once_revslider51 ) { once_revslider51 = true; revinit_revslider51();}});} else {once_revslider51 = true; revinit_revslider51();}\n\t\t\t\t<\/script>\n\t\t\t<\/rs-module-wrap>\n\t\t\t<!-- END REVOLUTION SLIDER -->\n[\/vc_column][\/vc_row][vc_row][vc_column][vc_column_text]<\/p>\n<p>[\/vc_column_text][\/vc_column][\/vc_row]<\/p>\n","protected":false},"excerpt":{"rendered":"<p>[vc_row row_content_width=\u00a0\u00bbgrid\u00a0\u00bb css=\u00a0\u00bb.vc_custom_1661784469250{padding-top: 138px !important;padding-bottom: 50px !important;}\u00a0\u00bb el_class=\u00a0\u00bbtext_green\u00a0\u00bb][vc_column][vc_column_text]Drainage lymphatique La m\u00e9thode Renata Fran\u00e7a vise \u00e0 d\u00e9sengorger et renforcer le r\u00e9seau du syst\u00e8me lymphatique. Ceci, en activant \u00e9galement le m\u00e9tabolisme et la circulation capillaire et sanguine. Vous obtenez ainsi un r\u00e9sultat [&hellip;]<\/p>\n","protected":false},"author":1,"featured_media":0,"parent":0,"menu_order":0,"comment_status":"closed","ping_status":"closed","template":"full-width.php","meta":{"footnotes":""},"class_list":["post-4136","page","type-page","status-publish","hentry"],"yoast_head":"<!-- This site is optimized with the Yoast SEO plugin v19.6 - https:\/\/yoast.com\/wordpress\/plugins\/seo\/ -->\n<title>Corps - PRECIOUS ESTHETIC<\/title>\n<meta name=\"description\" content=\"Precious Esthetic, au centre de Versoix, propose des soins beaut\u00e9 et de maquillage de mari\u00e9e ou de soir\u00e9e qui subliment le visage. Prestations de qualit\u00e9 en mati\u00e8re de maquillage permanent par dermopigmentation et de manucure &amp; p\u00e9dicure.\" \/>\n<meta name=\"robots\" content=\"index, follow, max-snippet:-1, max-image-preview:large, max-video-preview:-1\" \/>\n<link rel=\"canonical\" href=\"https:\/\/preciousesthetic.ch\/index.php\/corps\/\" \/>\n<meta property=\"og:locale\" content=\"fr_FR\" \/>\n<meta property=\"og:type\" content=\"article\" \/>\n<meta property=\"og:title\" content=\"Corps - PRECIOUS ESTHETIC\" \/>\n<meta property=\"og:description\" content=\"Precious Esthetic, au centre de Versoix, propose des soins beaut\u00e9 et de maquillage de mari\u00e9e ou de soir\u00e9e qui subliment le visage. Prestations de qualit\u00e9 en mati\u00e8re de maquillage permanent par dermopigmentation et de manucure &amp; p\u00e9dicure.\" \/>\n<meta property=\"og:url\" content=\"https:\/\/preciousesthetic.ch\/index.php\/corps\/\" \/>\n<meta property=\"og:site_name\" content=\"PRECIOUS ESTHETIC\" \/>\n<meta property=\"article:modified_time\" content=\"2024-11-08T19:10:44+00:00\" \/>\n<meta name=\"twitter:card\" content=\"summary_large_image\" \/>\n<meta name=\"twitter:label1\" content=\"Dur\u00e9e de lecture estim\u00e9e\" \/>\n\t<meta name=\"twitter:data1\" content=\"2 minutes\" \/>\n<script type=\"application\/ld+json\" class=\"yoast-schema-graph\">{\"@context\":\"https:\/\/schema.org\",\"@graph\":[{\"@type\":\"WebPage\",\"@id\":\"https:\/\/preciousesthetic.ch\/index.php\/corps\/\",\"url\":\"https:\/\/preciousesthetic.ch\/index.php\/corps\/\",\"name\":\"Corps - PRECIOUS ESTHETIC\",\"isPartOf\":{\"@id\":\"https:\/\/preciousesthetic.ch\/#website\"},\"datePublished\":\"2020-10-11T00:20:55+00:00\",\"dateModified\":\"2024-11-08T19:10:44+00:00\",\"description\":\"Precious Esthetic, au centre de Versoix, propose des soins beaut\u00e9 et de maquillage de mari\u00e9e ou de soir\u00e9e qui subliment le visage. Prestations de qualit\u00e9 en mati\u00e8re de maquillage permanent par dermopigmentation et de manucure & p\u00e9dicure.\",\"breadcrumb\":{\"@id\":\"https:\/\/preciousesthetic.ch\/index.php\/corps\/#breadcrumb\"},\"inLanguage\":\"fr-FR\",\"potentialAction\":[{\"@type\":\"ReadAction\",\"target\":[\"https:\/\/preciousesthetic.ch\/index.php\/corps\/\"]}]},{\"@type\":\"BreadcrumbList\",\"@id\":\"https:\/\/preciousesthetic.ch\/index.php\/corps\/#breadcrumb\",\"itemListElement\":[{\"@type\":\"ListItem\",\"position\":1,\"name\":\"Home\",\"item\":\"https:\/\/preciousesthetic.ch\/\"},{\"@type\":\"ListItem\",\"position\":2,\"name\":\"Corps\"}]},{\"@type\":\"WebSite\",\"@id\":\"https:\/\/preciousesthetic.ch\/#website\",\"url\":\"https:\/\/preciousesthetic.ch\/\",\"name\":\"PRECIOUS ESTHETIC\",\"description\":\"By Prisca\",\"potentialAction\":[{\"@type\":\"SearchAction\",\"target\":{\"@type\":\"EntryPoint\",\"urlTemplate\":\"https:\/\/preciousesthetic.ch\/?s={search_term_string}\"},\"query-input\":\"required name=search_term_string\"}],\"inLanguage\":\"fr-FR\"}]}<\/script>\n<!-- \/ Yoast SEO plugin. -->","yoast_head_json":{"title":"Corps - PRECIOUS ESTHETIC","description":"Precious Esthetic, au centre de Versoix, propose des soins beaut\u00e9 et de maquillage de mari\u00e9e ou de soir\u00e9e qui subliment le visage. Prestations de qualit\u00e9 en mati\u00e8re de maquillage permanent par dermopigmentation et de manucure & p\u00e9dicure.","robots":{"index":"index","follow":"follow","max-snippet":"max-snippet:-1","max-image-preview":"max-image-preview:large","max-video-preview":"max-video-preview:-1"},"canonical":"https:\/\/preciousesthetic.ch\/index.php\/corps\/","og_locale":"fr_FR","og_type":"article","og_title":"Corps - PRECIOUS ESTHETIC","og_description":"Precious Esthetic, au centre de Versoix, propose des soins beaut\u00e9 et de maquillage de mari\u00e9e ou de soir\u00e9e qui subliment le visage. Prestations de qualit\u00e9 en mati\u00e8re de maquillage permanent par dermopigmentation et de manucure & p\u00e9dicure.","og_url":"https:\/\/preciousesthetic.ch\/index.php\/corps\/","og_site_name":"PRECIOUS ESTHETIC","article_modified_time":"2024-11-08T19:10:44+00:00","twitter_card":"summary_large_image","twitter_misc":{"Dur\u00e9e de lecture estim\u00e9e":"2 minutes"},"schema":{"@context":"https:\/\/schema.org","@graph":[{"@type":"WebPage","@id":"https:\/\/preciousesthetic.ch\/index.php\/corps\/","url":"https:\/\/preciousesthetic.ch\/index.php\/corps\/","name":"Corps - PRECIOUS ESTHETIC","isPartOf":{"@id":"https:\/\/preciousesthetic.ch\/#website"},"datePublished":"2020-10-11T00:20:55+00:00","dateModified":"2024-11-08T19:10:44+00:00","description":"Precious Esthetic, au centre de Versoix, propose des soins beaut\u00e9 et de maquillage de mari\u00e9e ou de soir\u00e9e qui subliment le visage. Prestations de qualit\u00e9 en mati\u00e8re de maquillage permanent par dermopigmentation et de manucure & p\u00e9dicure.","breadcrumb":{"@id":"https:\/\/preciousesthetic.ch\/index.php\/corps\/#breadcrumb"},"inLanguage":"fr-FR","potentialAction":[{"@type":"ReadAction","target":["https:\/\/preciousesthetic.ch\/index.php\/corps\/"]}]},{"@type":"BreadcrumbList","@id":"https:\/\/preciousesthetic.ch\/index.php\/corps\/#breadcrumb","itemListElement":[{"@type":"ListItem","position":1,"name":"Home","item":"https:\/\/preciousesthetic.ch\/"},{"@type":"ListItem","position":2,"name":"Corps"}]},{"@type":"WebSite","@id":"https:\/\/preciousesthetic.ch\/#website","url":"https:\/\/preciousesthetic.ch\/","name":"PRECIOUS ESTHETIC","description":"By Prisca","potentialAction":[{"@type":"SearchAction","target":{"@type":"EntryPoint","urlTemplate":"https:\/\/preciousesthetic.ch\/?s={search_term_string}"},"query-input":"required name=search_term_string"}],"inLanguage":"fr-FR"}]}},"_links":{"self":[{"href":"https:\/\/preciousesthetic.ch\/index.php\/wp-json\/wp\/v2\/pages\/4136"}],"collection":[{"href":"https:\/\/preciousesthetic.ch\/index.php\/wp-json\/wp\/v2\/pages"}],"about":[{"href":"https:\/\/preciousesthetic.ch\/index.php\/wp-json\/wp\/v2\/types\/page"}],"author":[{"embeddable":true,"href":"https:\/\/preciousesthetic.ch\/index.php\/wp-json\/wp\/v2\/users\/1"}],"replies":[{"embeddable":true,"href":"https:\/\/preciousesthetic.ch\/index.php\/wp-json\/wp\/v2\/comments?post=4136"}],"version-history":[{"count":86,"href":"https:\/\/preciousesthetic.ch\/index.php\/wp-json\/wp\/v2\/pages\/4136\/revisions"}],"predecessor-version":[{"id":5417,"href":"https:\/\/preciousesthetic.ch\/index.php\/wp-json\/wp\/v2\/pages\/4136\/revisions\/5417"}],"wp:attachment":[{"href":"https:\/\/preciousesthetic.ch\/index.php\/wp-json\/wp\/v2\/media?parent=4136"}],"curies":[{"name":"wp","href":"https:\/\/api.w.org\/{rel}","templated":true}]}}